osite number?
False
Is 4657221397 a composite number?
False
Is 67202638109 prime?
True
Is 3371008993 prime?
False
Is 111251369 a prime number?
True
Is 4059886357 prime?
True
Is 2512474831 composite?
False
Is 64768010551 composite?
True
Is 583471333 a prime number?
True
Is 3657451233 a composite number?
True
Is 860750381 composite?
True
Is 1084430723 a prime number?
True
Is 5329650221 prime?
False
Is 333189079 a composite number?
False
Is 141853190123 composite?
False
Is 40806359623 composite?
True
Is 124473919 a prime number?
True
Is 6975920423 composite?
False
Is 16879659691 a prime number?
True
Is 1925514083 a composite number?
False
Is 1179336901 a prime number?
False
Is 35386853 composite?
True
Is 2198371969 a prime number?
True
Is 108417238691 a composite number?
False
Is 3233170013 a prime number?
True
Is 15633197597 a prime number?
True
Is 5784719393 prime?
True
Is 14520648731 a prime number?
False
Is 12956037769 a prime number?
False
Is 26176177667 a composite number?
True
Is 1501169893 prime?
True
Is 29206095587 composite?
False
Is 204257507 a composite number?
False
Is 11644504999 a prime number?
False
Is 502164701 prime?
True
Is 3753669029 prime?
False
Is 1430755867 a prime number?
True
Is 693832597 composite?
False
Is 63600246919 prime?
False
Is 38061497339 a prime number?
False
Is 240519303601 prime?
True
Is 2939356229 composite?
False
Is 51774937 a composite number?
True
Is 3322849609 a composite number?
True
Is 10989985423 a prime number?
False
Is 9818887163 a prime number?
True
Is 3369516173 a composite number?
False
Is 8343871939 prime?
False
Is 1749657779 prime?
True
Is 5720463599 prime?
False
Is 6214364183 prime?
True
Is 69027221 a composite number?
True
Is 3006202517 prime?
False
Is 7265946293 composite?
False
Is 79280279797 a composite number?
False
Is 63075676373 a composite number?
True
Is 2356106257 prime?
False
Is 373053833 prime?
False
Is 11367734297 prime?
True
Is 9985368907 a composite number?
False
Is 58364131415 prime?
False
Is 195752508241 a prime number?
True
Is 576979499 a composite number?
False
Is 15711923393 prime?
True
Is 249162179 prime?
False
Is 1812631343 composite?
False
Is 2394745829 a composite number?
True
Is 2457513497 a prime number?
True
Is 36271162777 a composite number?
True
Is 9766087421 a composite number?
True
Is 5079271321 a prime number?
False
Is 322238447 a composite number?
True
Is 505539767 a composite number?
False
Is 90435269465 prime?
False
Is 4625670637 prime?
False
Is 802702907 a composite number?
True
Is 3078370087 composite?
True
Is 21051217921 a composite number?
False
Is 20579039543 a prime number?
False
Is 52317814669 prime?
True
Is 6080220857 a prime number?
True
Is 166485629 prime?
False
Is 14328295 prime?
False
Is 819247483 a prime number?
True
Is 1230804031 a composite number?
True
Is 2607973759 a prime number?
False
Is 1000159817 a prime number?
True
Is 4026712013 a prime number?
True
Is 49109077285 prime?
False
Is 1518161219 a composite number?
True
Is 305979347 a composite number?
False
Is 13248959953 composite?
False
Is 2832601283 composite?
False
Is 62402117 composite?
True
Is 2306563733 prime?
False
Is 9958672223 composite?
False
Is 520713227 a composite number?
False
Is 591613423 prime?
False
Is 239891513 prime?
False
Is 145645501 a composite number?
False
Is 587077063 a composite number?
False
Is 1969406305 a prime number?
False
Is 18239798639 prime?
True
Is 6007111723 composite?
True
Is 8613012121 a composite number?
True
Is 7156001935 prime?
False
Is 16794649943 composite?
True
Is 67209757243 a prime number?
False
Is 200773921 a prime number?
True
Is 37036710239 a prime number?
True
Is 128629097 composite?
False
Is 53797454999 a prime number?
True
Is 31759458923 a composite number?
False
Is 847610987 prime?
False
Is 147941323 a prime number?
False
Is 972904981 prime?
True
Is 3972700943 a composite number?
True
Is 18245208209 composite?
False
Is 50295644879 a composite number?
False
Is 15415421907 prime?
False
Is 3950623001 prime?
False
Is 44378172431 a prime number?
True
Is 432568219 a prime number?
False
Is 5137320074 a composite number?
True
Is 2316648723 a composite number?
True
Is 3168533909 composite?
False
Is 5238216911 a composite number?
False
Is 61613866283 a composite number?
False
Is 48858613 prime?
True
Is 1205048047 composite?
True
Is 55393852055 composite?
True
Is 37006429567 a composite number?
False
Is 142208069 prime?
True
Is 106383034181 prime?
False
Is 92241284233 a prime number?
False
Is 323874491 a composite number?
True
Is 7401320807 prime?
True
Is 9508179454 a prime number?
False
Is 37443287833 a prime number?
False
Is 195456941674 composite?
True
Is 91621472479 a composite number?
True
Is 2928619643 prime?
False
Is 374808701 a composite number?
False
Is 1987756621 prime?
True
Is 3282200167 a prime number?
True
Is 7308726787 a composite number?
False
Is 8144226373 prime?
True
Is 11698042633 composite?
True
Is 43198776317 a prime number?
False
Is 680946737 a composite number?
True
Is 1475710669 prime?
False
Is 3079687139 a composite number?
True
Is 3397591339 a prime number?
True
Is 10136957 composite?
False
Is 1646077943 a composite number?
False
Is 17389590541 prime?
True
Is 3118406701 a prime number?
True
Is 1663423031 composite?
True
Is 808643383 a composite number?
True
Is 11788237189 composite?
True
Is 26499903809 a prime number?
True
Is 2140354747 prime?
True
Is 12854200409 a prime number?
True
Is 5781563693 composite?
False
Is 1889511851 composite?
True
Is 511502513 composite?
False
Is 19591223363 a prime number?
True
Is 30815753379 a prime number?
False
Is 1903460263 prime?
True
Is 5761160651 composite?
True
Is 2111974421 prime?
True
Is 19647825737 a composite number?
True
Is 990118601 a composite number?
False
Is 15888031463 a composite number?
False
Is 35369149 a composite number?
False
Is 249747469 composite?
False
Is 349214977 a composite number?
False
Is 431324807 a prime number?
False
Is 3256760153 a composite number?
False
Is 26166538451 a composite number?
False
Is 24706170791 prime?
True
Is 5443773349 prime?
False
Is 4238133815 prime?
False
Is 18706155891 a composite number?
True
Is 5487337369 prime?
True
Is 40958175593 a prime number?
True
Is 2306261 composite?
False
Is 4819020677 composite?
False
Is 83412019 a composite number?
True
Is 46829141089 composite?
False
Is 22422935687 composite?
False
Is 9448610521 prime?
False
Is 3012271009 a composite number?
True
Is 21019133801 a composite number?
False
Is 886876567 prime?
False
Is 1488509873 a prime number?
True
Is 45288018599 composite?
True
Is 99744793 a composite number?
False
Is 4678215995 a composite number?
True
Is 873392897 a prime number?
False
Is 166029137 a prime number?
True
Is 21980798459 a composite number?
True
Is 1169547481 prime?
True
Is 22370731979 prime?
False
Is 1690507103 prime?
True
Is 648631679 a prime number?
True
Is 188478205 prime?
False
Is 423989669 a prime number?
True
Is 1164661591 composite?
True
Is 164824691 composite?
True
Is 3273328367 a composite number?
False
Is 83401141613 a composite number?
False
Is 17657269769 a composite number?
False
Is 123475435 composite?
True
Is 469593913 a composite number?
True
Is 1135825279 composite?
False
Is 1553954459 composite?
False
Is 44167905569 composite?
False
Is 33985410551 a composite number?
False
Is 77866951 a composite number?
False
Is 59912581 composite?
True
Is 1144754029 composite?
False
Is 20513777807 a composite number?
True
Is 111054817 composite?
False
Is 122731957277 a prime number?
True
Is 127798848533 composite?
False
Is 77845267 composite?
True
Is 857294153 composite?
False
Is 21207263291 prime?
False
Is 3733817669 composite?
False
Is 364941821 composite?
False
Is 28343387831 a composite number?
True
Is 4433274043 composite?
True
Is 72462883 composite?
False
Is 619343771 prime?
False
Is 2892195707 prime?
True
Is 1351020149 a prime number?
True
Is 22832054891 composite?
False
Is 77501915393 prime?
False
Is 4233771977 prime?
False
Is 126253798609 composite?
False
Is 16403860457 prime?
True
Is 1832087 composite?
True
Is 10205449579 a prime number?
False
Is 3170162409 composite?
True
Is 995842139 a composite number?
False
Is 148483732681 a composite number?
True
Is 1770241007 composite?
